{"id":293,"date":"2025-08-08T16:24:03","date_gmt":"2025-08-08T14:24:03","guid":{"rendered":"https:\/\/rivesdutarnrunning.fr\/?page_id=293"},"modified":"2025-12-25T11:54:13","modified_gmt":"2025-12-25T10:54:13","slug":"qui-sommes-nous","status":"publish","type":"page","link":"https:\/\/rivesdutarnrunning.fr\/index.php\/qui-sommes-nous\/","title":{"rendered":"Qui sommes-nous ?"},"content":{"rendered":"\n<p>Au c\u0153ur de la r\u00e9gion Occitanie, notre association \u02baLes Rives du Tarn Running\u02ba se d\u00e9marque par son dynamisme et sa convivialit\u00e9. Cr\u00e9\u00e9e en 2006 et sise \u00e0 Lagrave, notre association a pour objectif de promouvoir la pratique de la course \u00e0 pied et de la randonn\u00e9e \u00e0 caract\u00e8re loisirs.<\/p>\n\n\n\n<div style=\"height:30px\" aria-hidden=\"true\" class=\"wp-block-spacer\"><\/div>\n\n\n\n<p>Fid\u00e8le \u00e0 ses racines, \u02baLes Rives du Tarn Running\u02ba propose des activit\u00e9s en plein air dans un cadre privil\u00e9gi\u00e9, entre rives de la rivi\u00e8re \u02baTarn\u02ba et verdoyante campagne tarnaise. Chacun peut y trouver son compte, que ce soit pour se remettre en forme, s&rsquo;oxyg\u00e9ner ou tout simplement partager des moments conviviaux avec d&rsquo;autres passionn\u00e9s de ces pratiques sportives. Plaisir, partage, esprit d&rsquo;\u00e9quipe, convivialit\u00e9 et d\u00e9passement de soi sont les ma\u00eetres mots de notre association.<\/p>\n\n\n\n<div style=\"height:30px\" aria-hidden=\"true\" class=\"wp-block-spacer\"><\/div>\n\n\n\n<p>Les membres de l&rsquo;association ont \u00e0 c\u0153ur de partager leurs deux passions sportives. Que vous soyez d\u00e9butant ou confirm\u00e9, chacun vient chercher ce qu\u2019il veut et y trouver son compte en fonction de ses envies et de ses objectifs. Ainsi, diverses activit\u00e9s sont propos\u00e9es tout au long de l&rsquo;ann\u00e9e : sorties en groupe, courses officielles, PPG (Pr\u00e9paration Physique G\u00e9n\u00e9ralis\u00e9e), etc\u2026<\/p>\n\n\n\n<div style=\"height:30px\" aria-hidden=\"true\" class=\"wp-block-spacer\"><\/div>\n\n\n\n<p>Mais \u02baLes Rives du Tarn Running\u02ba, ce n&rsquo;est pas seulement de la course \u00e0 pied ou de la randonn\u00e9e. C&rsquo;est aussi et surtout une communaut\u00e9 soud\u00e9e et accueillante. L&rsquo;association organise r\u00e9guli\u00e8rement des \u00e9v\u00e9nements festifs pour rassembler ses membres et favoriser les \u00e9changes, comme des repas, des soir\u00e9es \u00e0 th\u00e8me ou m\u00eame des sorties \u00e0 la d\u00e9couverte de nouveaux terrains de jeu.<\/p>\n\n\n\n<div style=\"height:30px\" aria-hidden=\"true\" class=\"wp-block-spacer\"><\/div>\n\n\n\n<p>Soucieuse de l&rsquo;inclusion des personnes en situation de handicap dans le sport, l&rsquo;association s\u2019est dot\u00e9e d\u2019une jo\u00eblette permettant \u00e0 des enfants ou adultes m\u00eame tr\u00e8s lourdement d\u00e9pendant, de vivre le terrain et de fr\u00e9quenter la nature de \u02bal&rsquo;int\u00e9rieur\u02ba avec l&rsquo;aide de plusieurs porteurs.<\/p>\n\n\n\n<div style=\"height:30px\" aria-hidden=\"true\" class=\"wp-block-spacer\"><\/div>\n\n\n\n<p>Enfin, l&rsquo;association \u02baLes Rives du Tarn Running\u02ba est anim\u00e9e par une \u00e9quipe dynamique et passionn\u00e9e, b\u00e9n\u00e9vole et d\u00e9vou\u00e9e \u00e0 la r\u00e9ussite et \u00e0 l&rsquo;\u00e9panouissement de chacun. Que l&rsquo;on soit adh\u00e9rent, partenaire ou simple curieux, tout le monde est le bienvenu. En somme, \u02baLes Rives du Tarn Running\u02ba est bien plus qu\u2019une simple association de randonn\u00e9e et de course \u00e0 pied, c&rsquo;est une v\u00e9ritable famille o\u00f9 r\u00e8gnent bonne humeur, sport et convivialit\u00e9. Alors n&rsquo;h\u00e9sitez plus, rejoignez-nous au sein de cette belle aventure humaine !<\/p>\n","protected":false},"excerpt":{"rendered":"<p>Au c\u0153ur de la r\u00e9gion Occitanie, notre association \u02baLes Rives du Tarn Running\u02ba se d\u00e9marque par son dynamisme et sa convivialit\u00e9. Cr\u00e9\u00e9e en 2006 et sise \u00e0 Lagrave, notre association a pour objectif de promouvoir la pratique de la course \u00e0 pied et de la randonn\u00e9e \u00e0 caract\u00e8re loisirs. Fid\u00e8le \u00e0 ses racines, \u02baLes Rives [&hellip;]<\/p>\n","protected":false},"author":3,"featured_media":0,"parent":0,"menu_order":0,"comment_status":"closed","ping_status":"closed","template":"","meta":{"footnotes":""},"class_list":["post-293","page","type-page","status-publish","hentry"],"_links":{"self":[{"href":"https:\/\/rivesdutarnrunning.fr\/index.php\/wp-json\/wp\/v2\/pages\/293","targetHints":{"allow":["GET"]}}],"collection":[{"href":"https:\/\/rivesdutarnrunning.fr\/index.php\/wp-json\/wp\/v2\/pages"}],"about":[{"href":"https:\/\/rivesdutarnrunning.fr\/index.php\/wp-json\/wp\/v2\/types\/page"}],"author":[{"embeddable":true,"href":"https:\/\/rivesdutarnrunning.fr\/index.php\/wp-json\/wp\/v2\/users\/3"}],"replies":[{"embeddable":true,"href":"https:\/\/rivesdutarnrunning.fr\/index.php\/wp-json\/wp\/v2\/comments?post=293"}],"version-history":[{"count":4,"href":"https:\/\/rivesdutarnrunning.fr\/index.php\/wp-json\/wp\/v2\/pages\/293\/revisions"}],"predecessor-version":[{"id":340,"href":"https:\/\/rivesdutarnrunning.fr\/index.php\/wp-json\/wp\/v2\/pages\/293\/revisions\/340"}],"wp:attachment":[{"href":"https:\/\/rivesdutarnrunning.fr\/index.php\/wp-json\/wp\/v2\/media?parent=293"}],"curies":[{"name":"wp","href":"https:\/\/api.w.org\/{rel}","templated":true}]}}