{"id":63,"date":"2025-03-25T19:00:34","date_gmt":"2025-03-25T18:00:34","guid":{"rendered":"http:\/\/rivesdutarnrunning.fr\/?page_id=63"},"modified":"2025-12-25T11:55:20","modified_gmt":"2025-12-25T10:55:20","slug":"nos-activites","status":"publish","type":"page","link":"https:\/\/rivesdutarnrunning.fr\/index.php\/nos-activites\/","title":{"rendered":"Nos activit\u00e9s"},"content":{"rendered":"\n<p>Cr\u00e9\u00e9e en 2006, l&rsquo;association <em>Les Rives du Tarn Running<\/em> s&rsquo;efforce depuis de faire la promotion d&rsquo;activit\u00e9s en ext\u00e9rieur, telles que la randonn\u00e9e ou course \u00e0 pied. L&rsquo;association dispose d&rsquo;une \u00ab\u00a0trailette\u00a0\u00bb permettant de faire d\u00e9couvrir ces activit\u00e9s \u00e0 des personnes \u00e0 mobilit\u00e9 r\u00e9duite.<\/p>\n\n\n\n<div style=\"height:30px\" aria-hidden=\"true\" class=\"wp-block-spacer\"><\/div>\n\n\n\n<p>Forte d&rsquo;une centaine d&rsquo;adh\u00e9rents, elle propose toutes les semaines plusieurs activit\u00e9s, suivant ce d\u00e9roul\u00e9 :<\/p>\n\n\n\n<div style=\"height:30px\" aria-hidden=\"true\" class=\"wp-block-spacer\"><\/div>\n\n\n\n<div class=\"wp-block-columns is-layout-flex wp-container-core-columns-is-layout-9d6595d7 wp-block-columns-is-layout-flex\">\n<div class=\"wp-block-column is-layout-flow wp-block-column-is-layout-flow\" style=\"flex-basis:100%\">\n<div class=\"wp-block-group\"><div class=\"wp-block-group__inner-container is-layout-constrained wp-block-group-is-layout-constrained\">\n<div class=\"wp-block-columns is-layout-flex wp-container-core-columns-is-layout-9d6595d7 wp-block-columns-is-layout-flex\">\n<div class=\"wp-block-column is-layout-flow wp-block-column-is-layout-flow\" style=\"flex-basis:100%\">\n<figure class=\"wp-block-table is-style-stripes\"><table class=\"has-fixed-layout\"><tbody><tr><td class=\"has-text-align-center\" data-align=\"center\"><strong>Lundi<\/strong><\/td><td class=\"has-text-align-center\" data-align=\"center\"><strong>Mardi<\/strong><\/td><td class=\"has-text-align-center\" data-align=\"center\"><strong>Mercredi<\/strong><\/td><td class=\"has-text-align-center\" data-align=\"center\"><strong>Jeudi<\/strong><\/td><td class=\"has-text-align-center\" data-align=\"center\"><strong>Vendredi<\/strong><\/td><td class=\"has-text-align-center\" data-align=\"center\"><strong>Samedi<\/strong><\/td><td class=\"has-text-align-center\" data-align=\"center\"><strong>Dimanche<\/strong><\/td><\/tr><tr><td class=\"has-text-align-center\" data-align=\"center\">Footing<\/td><td class=\"has-text-align-center\" data-align=\"center\">Fractionn\u00e9s<\/td><td class=\"has-text-align-center\" data-align=\"center\">PPG<\/td><td class=\"has-text-align-center\" data-align=\"center\">Marche<br>rapide<\/td><td class=\"has-text-align-center\" data-align=\"center\"><em>Repos<\/em><\/td><td class=\"has-text-align-center\" data-align=\"center\">Trail<\/td><td class=\"has-text-align-center\" data-align=\"center\">Running<br>Marche<\/td><\/tr><\/tbody><\/table><\/figure>\n<\/div>\n<\/div>\n<\/div><\/div>\n<\/div>\n<\/div>\n\n\n\n<p>Hormis la sortie marche rapide du jeudi, toutes les sorties ont pour d\u00e9part un village aux alentours de Marssac-sur-Tarn, g\u00e9n\u00e9ralement reconnues le mardi apr\u00e8s-midi.<\/p>\n\n\n\n<div style=\"height:30px\" aria-hidden=\"true\" class=\"wp-block-spacer\"><\/div>\n\n\n\n<p>Au-del\u00e0 des activit\u00e9s propos\u00e9es aux adh\u00e9rents, <em>Les Rives du Tarn Running<\/em> organisent \u00e9galement trois \u00e9v\u00e9nements au cours de l&rsquo;ann\u00e9e, \u00e0 savoir :<\/p>\n\n\n\n<div style=\"height:30px\" aria-hidden=\"true\" class=\"wp-block-spacer\"><\/div>\n\n\n\n<ul class=\"wp-block-list\">\n<li><em>La Balade des Lucioles<\/em>, au d\u00e9part de Lagrave, proposant deux randonn\u00e9es nocturnes<\/li>\n\n\n\n<li><em>La Course des Rives<\/em>, au d\u00e9part de Marssac-sur-Tarn, proposant randonn\u00e9es, courses natures et \u00e9preuves canines<\/li>\n\n\n\n<li><em>Le D\u00e9cath&rsquo;Night<\/em>, au d\u00e9part du Sequestre, proposant deux trails nocturnes<\/li>\n<\/ul>\n\n\n\n<div style=\"height:30px\" aria-hidden=\"true\" class=\"wp-block-spacer\"><\/div>\n\n\n\n<figure class=\"wp-block-gallery has-nested-images columns-default is-cropped wp-block-gallery-1 is-layout-flex wp-block-gallery-is-layout-flex\">\n<figure class=\"wp-block-image size-large\"><img loading=\"lazy\" decoding=\"async\" width=\"2560\" height=\"1440\" data-id=\"144\" src=\"https:\/\/rivesdutarnrunning.fr\/wp-content\/uploads\/2025\/03\/P1200979-edited.jpg\" alt=\"\" class=\"wp-image-144\" srcset=\"https:\/\/rivesdutarnrunning.fr\/wp-content\/uploads\/2025\/03\/P1200979-edited.jpg 2560w, https:\/\/rivesdutarnrunning.fr\/wp-content\/uploads\/2025\/03\/P1200979-edited-300x169.jpg 300w, https:\/\/rivesdutarnrunning.fr\/wp-content\/uploads\/2025\/03\/P1200979-edited-1024x576.jpg 1024w, https:\/\/rivesdutarnrunning.fr\/wp-content\/uploads\/2025\/03\/P1200979-edited-768x432.jpg 768w, https:\/\/rivesdutarnrunning.fr\/wp-content\/uploads\/2025\/03\/P1200979-edited-1536x864.jpg 1536w, https:\/\/rivesdutarnrunning.fr\/wp-content\/uploads\/2025\/03\/P1200979-edited-2048x1152.jpg 2048w\" sizes=\"auto, (max-width: 2560px) 100vw, 2560px\" \/><\/figure>\n<\/figure>\n","protected":false},"excerpt":{"rendered":"<p>Cr\u00e9\u00e9e en 2006, l&rsquo;association Les Rives du Tarn Running s&rsquo;efforce depuis de faire la promotion d&rsquo;activit\u00e9s en ext\u00e9rieur, telles que la randonn\u00e9e ou course \u00e0 pied. L&rsquo;association dispose d&rsquo;une \u00ab\u00a0trailette\u00a0\u00bb permettant de faire d\u00e9couvrir ces activit\u00e9s \u00e0 des personnes \u00e0 mobilit\u00e9 r\u00e9duite. Forte d&rsquo;une centaine d&rsquo;adh\u00e9rents, elle propose toutes les semaines plusieurs activit\u00e9s, suivant ce [&hellip;]<\/p>\n","protected":false},"author":1,"featured_media":0,"parent":0,"menu_order":0,"comment_status":"closed","ping_status":"closed","template":"","meta":{"footnotes":""},"class_list":["post-63","page","type-page","status-publish","hentry"],"_links":{"self":[{"href":"https:\/\/rivesdutarnrunning.fr\/index.php\/wp-json\/wp\/v2\/pages\/63","targetHints":{"allow":["GET"]}}],"collection":[{"href":"https:\/\/rivesdutarnrunning.fr\/index.php\/wp-json\/wp\/v2\/pages"}],"about":[{"href":"https:\/\/rivesdutarnrunning.fr\/index.php\/wp-json\/wp\/v2\/types\/page"}],"author":[{"embeddable":true,"href":"https:\/\/rivesdutarnrunning.fr\/index.php\/wp-json\/wp\/v2\/users\/1"}],"replies":[{"embeddable":true,"href":"https:\/\/rivesdutarnrunning.fr\/index.php\/wp-json\/wp\/v2\/comments?post=63"}],"version-history":[{"count":7,"href":"https:\/\/rivesdutarnrunning.fr\/index.php\/wp-json\/wp\/v2\/pages\/63\/revisions"}],"predecessor-version":[{"id":341,"href":"https:\/\/rivesdutarnrunning.fr\/index.php\/wp-json\/wp\/v2\/pages\/63\/revisions\/341"}],"wp:attachment":[{"href":"https:\/\/rivesdutarnrunning.fr\/index.php\/wp-json\/wp\/v2\/media?parent=63"}],"curies":[{"name":"wp","href":"https:\/\/api.w.org\/{rel}","templated":true}]}}

Nos activités

<p>Créée en 2006, l&rsquo;association <em>Les Rives du Tarn Running</em> s&rsquo;efforce depuis de faire la promotion d&rsquo;activités en extérieur, telles que la randonnée ou course à pied. L&rsquo;association dispose d&rsquo;une « trailette » permettant de faire découvrir ces activités à des personnes à mobilité réduite.</p>



<div style="height:30px" aria-hidden="true" class="wp-block-spacer"></div>



<p>Forte d&rsquo;une centaine d&rsquo;adhérents, elle propose toutes les semaines plusieurs activités, suivant ce déroulé :</p>



<div style="height:30px" aria-hidden="true" class="wp-block-spacer"></div>



<div class="wp-block-columns is-layout-flex wp-container-core-columns-is-layout-9d6595d7 wp-block-columns-is-layout-flex">
<div class="wp-block-column is-layout-flow wp-block-column-is-layout-flow" style="flex-basis:100%">
<div class="wp-block-group"><div class="wp-block-group__inner-container is-layout-constrained wp-block-group-is-layout-constrained">
<div class="wp-block-columns is-layout-flex wp-container-core-columns-is-layout-9d6595d7 wp-block-columns-is-layout-flex">
<div class="wp-block-column is-layout-flow wp-block-column-is-layout-flow" style="flex-basis:100%">
<figure class="wp-block-table is-style-stripes"><table class="has-fixed-layout"><tbody><tr><td class="has-text-align-center" data-align="center"><strong>Lundi</strong></td><td class="has-text-align-center" data-align="center"><strong>Mardi</strong></td><td class="has-text-align-center" data-align="center"><strong>Mercredi</strong></td><td class="has-text-align-center" data-align="center"><strong>Jeudi</strong></td><td class="has-text-align-center" data-align="center"><strong>Vendredi</strong></td><td class="has-text-align-center" data-align="center"><strong>Samedi</strong></td><td class="has-text-align-center" data-align="center"><strong>Dimanche</strong></td></tr><tr><td class="has-text-align-center" data-align="center">Footing</td><td class="has-text-align-center" data-align="center">Fractionnés</td><td class="has-text-align-center" data-align="center">PPG</td><td class="has-text-align-center" data-align="center">Marche<br>rapide</td><td class="has-text-align-center" data-align="center"><em>Repos</em></td><td class="has-text-align-center" data-align="center">Trail</td><td class="has-text-align-center" data-align="center">Running<br>Marche</td></tr></tbody></table></figure>
</div>
</div>
</div></div>
</div>
</div>



<p>Hormis la sortie marche rapide du jeudi, toutes les sorties ont pour départ un village aux alentours de Marssac-sur-Tarn, généralement reconnues le mardi après-midi.</p>



<div style="height:30px" aria-hidden="true" class="wp-block-spacer"></div>



<p>Au-delà des activités proposées aux adhérents, <em>Les Rives du Tarn Running</em> organisent également trois événements au cours de l&rsquo;année, à savoir :</p>



<div style="height:30px" aria-hidden="true" class="wp-block-spacer"></div>



<ul class="wp-block-list">
<li><em>La Balade des Lucioles</em>, au départ de Lagrave, proposant deux randonnées nocturnes</li>



<li><em>La Course des Rives</em>, au départ de Marssac-sur-Tarn, proposant randonnées, courses natures et épreuves canines</li>



<li><em>Le Décath&rsquo;Night</em>, au départ du Sequestre, proposant deux trails nocturnes</li>
</ul>



<div style="height:30px" aria-hidden="true" class="wp-block-spacer"></div>



<figure class="wp-block-gallery has-nested-images columns-default is-cropped wp-block-gallery-1 is-layout-flex wp-block-gallery-is-layout-flex">
<figure class="wp-block-image size-large"><img loading="lazy" decoding="async" width="2560" height="1440" data-id="144" src="https://rivesdutarnrunning.fr/wp-content/uploads/2025/03/P1200979-edited.jpg" alt="" class="wp-image-144" srcset="https://rivesdutarnrunning.fr/wp-content/uploads/2025/03/P1200979-edited.jpg 2560w, https://rivesdutarnrunning.fr/wp-content/uploads/2025/03/P1200979-edited-300x169.jpg 300w, https://rivesdutarnrunning.fr/wp-content/uploads/2025/03/P1200979-edited-1024x576.jpg 1024w, https://rivesdutarnrunning.fr/wp-content/uploads/2025/03/P1200979-edited-768x432.jpg 768w, https://rivesdutarnrunning.fr/wp-content/uploads/2025/03/P1200979-edited-1536x864.jpg 1536w, https://rivesdutarnrunning.fr/wp-content/uploads/2025/03/P1200979-edited-2048x1152.jpg 2048w" sizes="auto, (max-width: 2560px) 100vw, 2560px" /></figure>
</figure>

<p>Créée en 2006, l&rsquo;association Les Rives du Tarn Running s&rsquo;efforce depuis de faire la promotion d&rsquo;activités en extérieur, telles que la randonnée ou course à pied. L&rsquo;association dispose d&rsquo;une « trailette » permettant de faire découvrir ces activités à des personnes à mobilité réduite. Forte d&rsquo;une centaine d&rsquo;adhérents, elle propose toutes les semaines plusieurs activités, suivant ce [&hellip;]</p>
